is u(h)?
5
Suppose 5 + 6 = 4*l - 5*o, 2*l = 5*o - 7. Let a(b) = -l*b + 9*b - 1 + 2*b - b**2. Determine a(2).
-1
Let x = -5 + 7. Let f(v) = 2*v**3 - 14*v**2 + 2. Let n be f(7). Let i(b) = -2*b + 6*b + 0*b**x - b**3 - b**2 - 2 - 2*b**n. What is i(-4)?
-2
Let i(q) = -q**3 + 6*q**2 - 4*q - 11. Suppose 0 = 124*y - 135*y + 55. Give i(y).
-6
Let v(x) = -2*x**2 + 7*x + 32 - 25 - 4. Determine v(6).
-27
Let h(c) be the third derivative of 7*c**6/60 - c**5/60 - c**4/24 + c**3/6 - 462*c**2. Suppose 4*u - 3*u + 3*y = 13, 2*u - 4*y = -14. Calculate h(u).
13
Let d(g) = -g**2 - 6*g - 5. Let o(w) = w**2 - 6*w + 1. Let s be o(4). Let f be -13*1*(s - -6). Suppose -f = 2*m - 1. What is d(m)?
-5
Let b(s) = 10*s**3 + 2*s**2 - 5*s. Let r(n) = -11*n**3 - n**2 + 4*n. Let o(y) = -3*b(y) - 4*r(y). Suppose 0 = 6*w - 79 + 85. Determine o(w).
-15
Let z(i) = i**3 + 6*i**2 + i + 1. Let d = -42 - -60. Suppose 2*r - 4*w = -40, 5*w + 7 = -5*r - d. Let h = 4 + r. Determine z(h).
-5
Let p(m) = -m**3 + 3*m**2 + 2*m - 1. Let b(y) = 7*y**2 + 1. Let n be b(1). Suppose 5*c + 3*u = -9 + 30, n = 2*c + u. Determine p(c).
5
Let v = 24 - 18. Suppose 0 = -3*p - 4*r - 0*r + 21, r = 3*p - v. Let u(a) = -a**3 + 3*a**2 + a + 4. What is u(p)?
7
Let h be (-2)/3 - 64/(-24). Let t(n) = n**h + 0*n - 4*n - n + 7. Calculate t(5).
7
Let c(z) = -z**3 + 3*z**2 + 10*z + 4. Let l be (-14)/(-2) - 4/2. Calculate c(l).
4
Let p(s) = -2*s**2 + 4*s + 1. Let q(i) = 2*i**2 + 4*i + 3. Let a be q(-4). Suppose -4*n + a + 33 = 0. Let l = n - 10. Calculate p(l).
-5
Let q(b) = -8*b + 1. Suppose -4*p = -9*p + 10. Suppose 0 = -4*t - 3*j + 15, 5*t + 2*j = p*t + 11. Suppose -2*g - 11 = -t*s, s + 4*g - 1 = -16. Determine q(s).
-7
Let d(w) be the second derivative of -w**3/6 + w**2 + 478*w. Give d(-2).
4
Let p(q) = 76 - 8*q - q**2 - 28 - 33 + 2*q**2 - 21. What is p(8)?
-6
Let o(z) be the first derivative of z**4/4 + 7*z**3/3 + 2*z**2 + 3*z - 2. Suppose -5*q - 27 = 2*t, q + 1 = t - 10. Give o(q).
-25
Let l be 3/2*(10/1 + -8). Let r(g) = -g**3 + 2*g**2 - g + 3. Give r(l).
-9
Let n(p) = 8*p + 40. Let t(b) = 3*b + 13. Let v(s) = 4*n(s) - 11*t(s). Let w be v(13). Suppose 5*c = w*c. Let z(y) = y**2 + y + 5. What is z(c)?
5
Let g(l) = -l**3 + 2*l**2 - 2*l + 4. Let d be g(2). Let a(f) = 10*f + 4. Determine a(d).
4
Suppose -2*t = h - 1 - 54, -2*t + h = -45. Let d(c) = -11 + c - 6*c + t + c**2 - 16. Determine d(6).
4
Let p(t) = -5*t**2 - 11*t + 3. Let o(c) = -9*c**2 - 19*c + 5. Let w(i) = 4*o(i) - 7*p(i). Calculate w(0).
-1
Let x(z) = 6*z**2 - 7*z - 2. Let u = 14 + -13. Let t(g) = -5*g**2 + 2*g + 4*g + u - g + g. Let n(v) = 4*t(v) + 3*x(v). Determine n(2).
-4
Let l(z) = -z**3 - 19*z**2 + 2*z + 36. Let u(m) = m**3 + 19*m**2 - 6*m - 35. Let b(k) = 4*l(k) + 5*u(k). Give b(-20).
9
Let a(n) = 7*n**3 + 1. Suppose -3*l - 1 = -7. Suppose t - l*h - h = -14, 19 = -t + 4*h. Give a(t).
8
Suppose -5*n - s = 35, -2*s + 3*s = 3*n + 13. Let v be (16/(-4) - n) + -3. Let w(z) = -6*z. Give w(v).
6
Suppose -72 - 48 = 40*b. Let y = 5 - 2. Let a(g) = g**3 + 3*g**2 + 3*g + 0*g - y - g. Give a(b).
-9
Let d be (3/5)/(1/5). Suppose -4*z - 20 = -d*z + 4*p, z = 4*p + 20. Let y(l) = 3*l - 4 - 2*l - 3*l + z. What is y(-4)?
4
Let f(d) = d**2 - d + 2. Let t(a) = a**3 + 7*a**2 + 7*a + 9. Let m be t(-6). Suppose 6 = -5*w + 4*l, m*w + l + 4 = 7*w. Calculate f(w).
4
Let g be (-5)/1 + 10 + (-4 - 3). Let v(t) = t + t**2 + 6*t**3 - 3*t - 5*t**3. Calculate v(g).
0
Let s(u) = -u**3 - 7*u**2 + 2*u + 3. Let y = 71 - 76. Let v(a) = 2*a**3 + 15*a**2 - 4*a - 5. Let q(m) = y*s(m) - 2*v(m). What is q(-5)?
5
Let s(u) = 4*u - 3. Let r(c) = -5*c + 4. Let d(h) = -5*r(h) - 6*s(h). Suppose 0 = -295*i + 294*i + 3. Determine d(i).
1
Suppose 3*u + 0*g - 22 = -2*g, -2*u = 2*g - 16. Let c(m) = 6 - 18 + u - 1 - 3*m. Give c(-4).
5
Suppose 4*t - 5*t = -3. Let u(v) = 0*v**2 + 5*v - 2*v**2 + v**3 - 3*v**2 - 4. Let y be u(t). Let h(z) = -z**3 - 8*z**2 - 8*z - 5. Calculate h(y).
2
Let q(y) = 3*y + 17. Let t be 4*-2*15/10. Give q(t).
-19
Let m(p) be the first derivative of p**2/2 + 3*p + 208. Calculate m(12).
15
Let i(d) = -2*d + 30. Suppose 2*a - 21 - 7 = 0. Let h be i(a). Let b(k) = 4*k - 5*k + 0 - 1. Determine b(h).
-3
Let o(h) = 7*h**3 - h**2 - 4*h - 9. Let q(p) = 3*p**3 - 2*p - 4. Let g(r) = -2*o(r) + 5*q(r). Calculate g(-2).
2
Let r(d) = 10*d**2. Let u be (-2)/(((-2)/5)/(8/10)). Suppose 0 = u*g + v + 3*v + 24, -4*g - 5*v = 29. Calculate r(g).
10
Let c(o) be the second derivative of o**3/6 - 2*o**2 - 13*o - 3. Determine c(3).
-1
Let w(c) = 14 - 13 - 8*c - 3*c + 5. Let i(b) = -5*b + 3. Let h(y) = 13*i(y) - 6*w(y). Determine h(-7).
-4
Let u be (6 - 7)/(4/(-60)). Let x(v) = 16*v**2 - u*v**2 - 7*v + 0 + 1. Give x(6).
-5
Let n(r) = -5192 + 0*r - r + 5187 - r. Determine n(-5).
5
Let p be (1 - 5)*(-1 + -1). Suppose -p*j - 68 = 4. Let k(i) = i**3 + 8*i**2 - 9*i + 3. Give k(j).
3
Let p(q) = -q + 2. Suppose n = -2*n - c - 28, 12 = -3*c. Give p(n).
10
Let k(u) be the third derivative of -1/10*u**5 - 4*u**2 + 5/24*u**4 + 0*u + 1/120*u**6 - 5/6*u**3 + 0. What is k(5)?
-5
Let g(o) = 17*o + 40*o - 4 - 56*o. Give g(5).
1
Let o = -20 - -41. Let m be ((-4)/6)/(14/o). Let x(n) = 9*n**2 - 2*n - 1. Give x(m).
10
Let j(l) be the third derivative of -l**8/10080 + l**7/5040 - l**6/720 - l**5/5 + 7*l**2. Let b(x) be the third derivative of j(x). Calculate b(-2).
-11
Let s(w) = -8*w**3 + w**2 + 2*w + 1. Let m(a) = -15*a - 22. Let h be m(-3). Let k = 22 - h. Determine s(k).
8
Suppose -4*d + x = 11, 5*x + 2 = 5*d + 27. Let b(h) = h**3 - 3*h - 1 + 26*h**2 - 26*h**2. What is b(d)?
-3
Let o(b) = b**3 + 11*b**2 + 12*b - 3. Let g be o(-10). Let k = g + 25. Let t(p) be the third derivative of p**4/12 + p**3/3 + p**2. Determine t(k).
6
Let z(k) = 12*k**2 + 1069*k**3 - 537*k**3 + k - 6 - 533*k**3. Determine z(12).
6
Let s(m) = -m**3 - 8496*m + 4249*m + 3*m**2 + 3 + 4248*m. Let t be 1/(5/(-3) - -2). Give s(t).
6
Suppose 2*f + 154 = 4*x, x - 2*f + 41 = 2*x. Suppose -2*g - x = -5*g. Let u(j) = -3*j + j - 11 + 3*j + g. Calculate u(0).
2
Suppose 0 = -0*j + 6*j - 24. Let o(s) = -8*s - j*s + 11*s - 1. Calculate o(-6).
5
Suppose -3*b - 93 = -3*s, 2*s + 2*b - 16 - 66 = 0. Let w = 32 - s. Let j(q) = q + 5. Determine j(w).
1
Suppose -3*u + 14 = -2*p, -14 = -2*u + 3*u + 4*p. Let q(o) = -o. Calculate q(u).
-2
Let c(v) be the second derivative of -5/6*v**4 + 0 + 1/2*v**2 + 0*v**3 + 48*v. Determine c(1).
-9
Suppose -7*j = -17 - 25. Let f(i) = -j + 5*i - 8 + i**3 + 8*i**2 + 8. Calculate f(-7).
8
Let v(z) = z**3 - 6*z**2 - z - 1. Let b(p) = 2*p**2 - 2*p - 6. Let h be b(-2). Determine v(h).
-7
Let d be 10 + -9 - (0 - 0). Let w(z) = 1. Let u(j) = 2*j. Let o(n) = d*u(n) - 3*w(n). Let p(m) = -m + 3. Let v(q) = -4*o(q) - 5*p(q). What is v(3)?
-12
Let h(p) = -50*p + 48 - 42 + 59*p. Calculate h(0).
6
Suppose 0 = -u - 3 + 5. Let d(g) = u + 0*g**2 - g**2 + g - 7 + 4*g. Let c = -7 + 11. Determine d(c).
-1
Let f(u) be the first derivative of -u**3/3 - u**2/2 - 11*u - 30. Let m(k) be the first derivative of f(k). Calculate m(3).
-7
Let s(f) = -11*f + 21 + 10*f**2 - 1076*f**3 + 537*f**3 + 538*f**3. Give s(9).
3
Let b(g) = g - 3. Let c(d) = 18*d - 48. Let w(x) = -33*b(x) + 2*c(x). Let y be 1/4 - 51/12. Calculate w(y).
-9
Let f(k) be the third derivative of k**8/5040 + k**7/2520 - k**6/720 + k**5/10 - k**2. Let t(c) be the third derivative of f(c). Determine t(1).
5
Let l be 32/(-14) + (-4)/(-14). Let x(g) = 3*g**2 - g - 1. Let j(w) = -w**3 - 9*w**2 - 2*w. Let o(c) = -j(c) - 2*x(c). Give o(l).
-2
Let t(y) = -y**2 - 6*y + 5. Let w(m) = -6*m - 47. Let u be w(-8). Suppose -9*q + u = 46. What is t(q)?
10
Let x(t) be the first derivative of -7*t**2/2 - 2*t - 88. Give x(-6).
40
Let n = -125 + 127. Let p(f) be the second derivative of -f**5/20 + f**4/4 + f**3/2 - f**2 - 3*f. Determine p(n).
8
Let f(r) = 3 - 1 - 4 + 11*r**2 - r**3 - 3 + 13*r. Let j be f(12). Let z = j - 8. Let u(i) = -i**2 - i + 1. Give u(z).
1
Let z(g) = 3 - 11 + 11 - 4*g. Let x(j) = -4*j + 4. Let w(b) = 5*x(b) - 6*z(b). Calculate w(-2).
-6
Let b(q) = -129*q**2 + 213*q + 120*q**2 - q**3 - 218*q - 1. Calculate b(-8).
-25
Suppose 6 = 3*i - 5*w, -3*i = i - w + 9. Let t = i - -3. Suppose t - 8 = -s. Let j(y) = -y**3 + 8*y**2 - y + 2. What is j(s)?
-6
Let p be (-4*12/(-8))/2. Let f(o) = -p + 7 + 0 + 1 +